a - 46. List the prime factors of n.
31
Suppose 174*t + 45613 = 2*n + 179*t, -5*t - 22769 = -n. What are the prime factors of n?
2, 3, 29, 131
Let w = 54 + -55. Let j be w/(-4) + (-2055)/60. Let r = j - -99. What are the prime factors of r?
5, 13
What are the prime factors of 1*(-16)/(-20)*(-88980)/(-24)?
2, 1483
Let u(b) = b**2 + 19*b - 123. Let m be (-3)/21 + 565/35. What are the prime factors of u(m)?
19, 23
Suppose 0 = -17*f + 28042 + 8729. Let z = f - 924. What are the prime factors of z?
3, 7, 59
Let b be 2 + 7/((-7)/(-11)). Suppose -7*r + 22 = -b. Suppose 0*o + r*o = 2*k + 227, 5*o = k + 231. What are the prime factors of o?
47
List the prime factors of (40137/255)/(2/10).
787
Suppose 0 = -0*v + 2*v - 206. Suppose 4*a = -3*c + 28, -4*a + 52*c = 56*c - 32. Suppose -v = -p - 3*u, -5*p + 103 = a*u - 423. List the prime factors of p.
2, 53
Let y = -77 - -81. Let z be (3/5)/((-4)/(-20)). Suppose 455 = y*l + z*l. List the prime factors of l.
5, 13
Suppose l + 8 = 0, 126*a - 2*l - 58396 = 125*a. List the prime factors of a.
2, 3, 5, 7, 139
Let m(i) = i**2 + 10*i - 6. Let z(d) = -d - 6. Let q be z(5). Let f be m(q). Suppose f*g = -5*k, -2*g = k - 0*k + 4. What are the prime factors of k?
2
Let u be (-75)/(-2) + 42/(-28). Let o = 83 + u. What are the prime factors of o?
7, 17
Let f(m) = -2*m - 8. Let l be f(-5). Suppose -b - 80 = l*t + t, 0 = 2*t + 3*b + 51. Let x = t + 116. List the prime factors of x.
89
Suppose -7*t + 5*t = 2*z - 3216, -2*z = 4*t - 6442. Let w = t + -941. What are the prime factors of w?
2, 3, 7
Let u = -1560 - -2025. What are the prime factors of u?
3, 5, 31
Let u = 144 - 138. Let r(y) = y + 3*y**2 - 2*y + 6 + 0*y. List the prime factors of r(u).
2, 3
List the prime factors of ((-81)/(-15))/(237/198685).
3, 503
Let s(v) = 18*v + 2592. List the prime factors of s(0).
2, 3
Suppose 5*v = r + 7, 3*v - 21 = -8*r + 3*r. Suppose -2045 = -5*p + r*t, -3*p + 3*t + 1636 = p. List the prime factors of p.
409
Suppose -12*p - 2991 = -470495 - 32128. What are the prime factors of p?
2, 7, 1487
What are the prime factors of ((-3228)/9)/((-28)/5103) - (3 + 0)?
2, 3, 13, 419
Let c(t) be the first derivative of -t**2 + 94*t + 28. Let s be c(0). Let w = 20 + s. What are the prime factors of w?
2, 3, 19
Suppose 344445 = -1825*u + 1840*u. What are the prime factors of u?
22963
Let v(f) = f + 9. Let i be v(0). Suppose 2*s + 2*k = 720, -2*s - s - k + 1076 = 0. Suppose -i*m + 56 = -s. What are the prime factors of m?
2, 23
Suppose -3*l = 29*y - 26*y - 23178, 3*y = -5*l + 23180. What are the prime factors of y?
3, 5, 103
Let x(n) = -3283*n + 289. List the prime factors of x(-5).
2, 3, 29
Let v(l) = -l**2 - 36*l - 197. Let o be v(-7). Suppose 3394 = o*z - 2036. List the prime factors of z.
5, 181
Let v = -890 - -2450. Suppose -128*w + v = -126*w. List the prime factors of w.
2, 3, 5, 13
Let i(y) = 50645*y**2 + 401*y - 400. What are the prime factors of i(1)?
2, 3, 23, 367
Let o = 43 + -13. Let i = -15 + o. Suppose i*b - 2935 = 275. What are the prime factors of b?
2, 107
Let x(u) = 3*u**2 + 8*u + 231. What are the prime factors of x(43)?
2, 3061
Let a = -283 - -287. Suppose -a*v + 27 = m - 26, -197 = -4*m - v. List the prime factors of m.
7
Suppose 0 = 13*g - 12*g + 12. Let l be g/3 + (3 - 3). Let f(h) = -18*h - 3. What are the prime factors of f(l)?
3, 23
Let b = -16 + 18. Suppose y - 5*a = b, -2*y + 1 = -2*a + 13. Let x(d) = 2*d**2 + 6*d. What are the prime factors of x(y)?
2, 5
Suppose 86*d = 57*d + 200187. What are the prime factors of d?
3, 13, 59
Let l = 127 + -57. Let r = -144 + l. Let t = r + 139. What are the prime factors of t?
5, 13
Let v = 34 + -33. Let g be (-1*v)/((-7)/14). Suppose s = -g*u + 279, -u + 6*u - 696 = -s. What are the prime factors of u?
139
What are the prime factors of (-188322)/6*(19 - 18)/(2/(-2))?
31387
Let t(p) = 3556*p**2 + 35*p + 71. What are the prime factors of t(-4)?
56827
Let p(l) = -17 - 10*l - 3*l + 19*l - 15*l. Let u be -2 + 9/(-1) + 0. What are the prime factors of p(u)?
2, 41
Let g = 6192 - 3596. List the prime factors of g.
2, 11, 59
Let c(r) = 21*r - 108. Let l be c(24). Let k = 588 - l. List the prime factors of k.
2, 3
List the prime factors of (0 - -1)/(-30 + 24 + (-394057)/(-65676)).
2, 3, 13, 421
Suppose 4*q = -5*n - 6, 8*n + 28 = 12*n - 5*q. Suppose 4*y = -w + 112, -w = -3*y + 6*y - 117. Suppose n*r - w - 16 = 0. What are the prime factors of r?
2, 37
Suppose 30*p - 1217976 = -19930 - 147026. List the prime factors of p.
2, 3, 5839
Let c(v) = -v - 1. Let u(j) = -175 + 175 - j**2. Let n(b) = -c(b) - u(b). List the prime factors of n(6).
43
Suppose 15*w - 23817 + 6237 = 0. Let o = -340 + w. What are the prime factors of o?
2, 13
List the prime factors of 122*(-7 - 1 - -103).
2, 5, 19, 61
Let t be 1*-2*((-201)/3 - -3). Suppose -2*x = f + 2*x - t, x - 249 = -2*f. What are the prime factors of f?
2, 31
Let f(k) = -k**3 + 8*k**2 + 2*k - 2. Let i(d) = 20*d**2 + 2*d - 2. Let j be i(1). Suppose 28*p - 48 = j*p. List the prime factors of f(p).
2, 41
Let w = 164 - 76. Suppose 242 = f - w. Suppose r - f = -4*r + 2*i, 2*i = -2*r + 146. List the prime factors of r.
2, 17
Let z = -81 - -84. Suppose 5*g - g + 3*w = 1136, 0 = 3*g + z*w - 852. List the prime factors of g.
2, 71
Let n = 541 + -319. Suppose 602 = 4*d - n. What are the prime factors of d?
2, 103
Let l be (-27)/(-9) + 0/2 + 4. Suppose l*y = -8*y + 3975. List the prime factors of y.
5, 53
Let x(a) = 5*a - 14. Let u be x(6). Suppose 11*y = 3*y + u. Suppose 0 = y*i + q - 64, 153 - 39 = 3*i - 3*q. List the prime factors of i.
2, 17
Suppose 4*j - 1896 = -3*s, -5*s + 2274 = -5*j - 921. Let q be (8/(-32))/((-3)/36)*(0 - -1). Suppose -q*k + s = -0*k. List the prime factors of k.
2, 53
Suppose 0 = 2*n + 2*j - 31079 - 5953, 0 = 4*n - 4*j - 74016. What are the prime factors of n?
2, 3, 5, 617
Let s(n) = 10*n**2 - 30*n - 12. Let k be s(13). Suppose 2*f - 321 = g + f, -4*g = -3*f + k. What are the prime factors of g/(-6) + (-2)/12?
2, 3
Suppose 0 = 31*f - 29*f - 672. Let i = f - -203. Let u = i - 362. What are the prime factors of u?
3, 59
What are the prime factors of 12940 + -1 - -9*14/63?
12941
Let m be 5*(-10)/(-25) + -834. Let c = m - -589. Let y = -171 - c. List the prime factors of y.
2, 3
Let c be (5 - -1)*30/12. Let q = c + -12. Suppose 750 = -q*k + 8*k. List the prime factors of k.
2, 3, 5
Let c(a) = -a**3 - 7*a**2 + 3*a - 19. Suppose 16*t + 3 + 77 = 0. Let x be c(t). List the prime factors of (-21)/x + 1998/8.
2, 5
What are the prime factors of 3502794/1230 + (-1)/(-5)?
2, 89
List the prime factors of -3*(-4)/6 + (4 - 1) + 17180.
5, 7, 491
Suppose -2*f - 19 = -5*s - 0*s, 17 = 5*s - f. Suppose h - 49 = 4*k - 20, s*k = -4*h + 97. Let j = h + 13. List the prime factors of j.
2, 19
Suppose 8*d - j = 6*d - 2471, 0 = 3*d + 2*j + 3710. Let z = 2183 + d. What are the prime factors of z?
947
What are the prime factors of (-72)/(-3) + (119 - -79548)?
79691
Let z = -104 + 59. What are the prime factors of (9/z)/((-2)/6830)?
683
Suppose 3*p = 4*m - p + 40, -5*m + 2*p - 38 = 0. Let j(x) = 9436*x - 17 - 4728*x - 4724*x. What are the prime factors of j(m)?
79
Let a = -165 - -183. Suppose 4*m - 26 = -a. List the prime factors of m.
2
Let d be 6/4 - (-275)/10. Let g = 44 + d. What are the prime factors of g?
73
Let y be (0 - -850)/(6 - 5). Let q = y + -121. What are the prime factors of q?
3
Suppose 4*t + 3*k - 5892 = 0, 0 = -5*t + 2*k + 2103 + 5262. What are the prime factors of t?
3, 491
Let u = -132 - -6. Let i = -79 - u. List the prime factors of i.
47
Suppose -20*i - 27*i = -323924. List the prime factors of i.
2, 1723
Let p = 137 - 122. Let i = 417 - p. List the prime factors of i.
2, 3, 67
Let p = -23083 + 40663. List the prime factors of p.
2, 3, 5, 293
Suppose 2*i = -5*z + 133, i = -2*i - 2*z + 172. Suppose i = 3*g + 6*g. Suppose g*u = 136 + 80. What are the prime factors of u?
2, 3
Let o be 588/(-1)*(-158)/(-237). Let y = 1065 + o. List the prime factors of y.
673
Let n be 135/20*8/(-3). Let p = 23 + n. List the prime factors of p/(100/1848) + 2/(-5).
2, 23
Let g(h) = -8*h - 103. Let a be (26 + -21)/((-8)/7 + 1). What are the prime factors of g(a)?
3, 59
Let p = -1280 - -3613. List the prime factors of p.
2333
Let v(b) = -9*b**3 + b**2 - 3*b - 9. Suppose 5 = 